base 2) in base 13?
-34210
Convert -58902 (base 10) to base 7.
-333504
110210201100 (base 3) to base 11
162396
-1100000111011000010110 (base 2) to base 14
-5c95c2
What is 660b1 (base 15) in base 13?
b471b
Convert -174880 (base 9) to base 10.
-108612
Convert 68688 (base 9) to base 2.
1011001011000100
What is -c6c3c (base 13) in base 4?
-1113121221
Convert 100000100001000110 (base 2) to base 16.
20846
-3a0a84 (base 12) to base 11
-5a2892
What is 344463 (base 7) in base 12?
2b806
-1a3234 (base 11) to base 4
-1030012311
13225542 (base 6) to base 16
6b426
What is 12111332320 (base 4) in base 5?
411203104
Convert -633324 (base 7) to base 14.
-2bb4b
694369 (base 10) to base 5
134204434
What is -65255b (base 12) in base 13?
-4408b8
-9a361 (base 12) to base 10
-204409
Convert 408a11 (base 14) to base 8.
10230367
-100311113133 (base 4) to base 16
-4355df
What is -1101101011111111000100 (base 2) in base 7?
-42332514
What is -2736654 (base 8) in base 10?
-769452
1101111011100001 (base 2) to base 11
39960
What is -29f4b8 (base 16) in base 8?
-12372270
Convert 12773b (base 12) to base 9.
512232
1110001001011000000100 (base 2) to base 14
6c7672
What is 1444241 (base 11) in base 5?
1113324230
Convert -2773735 (base 10) to base 5.
-1202224420
What is -25a2b9 (base 12) in base 9?
-1143156
What is -2657166 (base 11) in base 12?
-16555a7
What is 403712 (base 8) in base 11?
90a7a
-14030223 (base 5) to base 11
-98123
-1225050 (base 8) to base 14
-8b4c8
What is -112011101 (base 4) in base 15?
-1bbee
What is -35152502 (base 6) in base 2?
-100001001100111010110
Convert 22332150 (base 6) to base 3.
1021121000110
What is 40b2 (base 14) in base 6?
123312
What is 4523311 (base 6) in base 15?
47c24
113130321 (base 4) to base 5
11033212
Convert -487962 (base 10) to base 3.
-220210100200
What is -31332202 (base 5) in base 14?
-6b464
-12180c (base 13) to base 8
-1513550
Convert -46574 (base 15) to base 5.
-24131414
Convert -220055 (base 7) to base 5.
-2212311
What is 26815a (base 13) in base 12?
38b278
What is 121b28a (base 12) in base 14?
67a270
What is -699ec0 (base 15) in base 11?
-2936901
2001322201 (base 4) to base 15
a7a04
-1021333223 (base 4) to base 9
-511668
What is -12116637 (base 8) in base 11?
-1558930
-70a643 (base 13) to base 2
-1010000000001010001010
a2090 (base 12) to base 8
633754
Convert 47288 (base 15) to base 6.
4505315
What is 120144132 (base 5) in base 4?
2013001102
What is -1001808 (base 11) in base 4?
-12301010230
Convert -211362 (base 8) to base 2.
-10001001011110010
What is 1231325 (base 6) in base 5?
4111222
Convert -10110001001011111001001 (base 2) to base 16.
-5897c9
Convert 11221013 (base 5) to base 4.
120300013
Convert 153482 (base 9) to base 2.
10111000011100111
163024 (base 9) to base 10
100624
Convert -10111000010100110 (base 2) to base 7.
-542100
What is 1d535 (base 14) in base 12?
37577
What is 1b2557 (base 15) in base 13?
374971
Convert 123b87 (base 16) to base 5.
301214022
Convert 2213121121 (base 4) to base 3.
1021211112201
Convert 107b58 (base 13) to base 8.
1366774
Convert 496c36 (base 14) to base 5.
1121002104
-303476 (base 11) to base 4
-1313010201
-26771015 (base 8) to base 11
-3446257
-5168055 (base 9) to base 8
-12421436
651033 (base 8) to base 2
110101001000011011
What is -2a94106 (base 12) in base 2?
-100001000000110010010110
What is -33b67 (base 14) in base 8?
-365437
6086b (base 12) to base 2
11110101011010011
Convert -510b47 (base 15) to base 5.
-1441200132
522203 (base 7) to base 5
10331444
Convert -1e8ce2 (base 16) to base 13.
-551403
What is -11221001202110 (base 3) in base 4?
-21333123300
-3136899 (base 10) to base 6
-151122403
5335064 (base 7) to base 8
2360716
What is 638134 (base 9) in base 2?
1011100110000010001
Convert 13272215 (base 8) to base 13.
803bc7
What is -11212121211 (base 3) in base 6?
-2020121
What is -420433044 (base 5) in base 15?
-243984
40669 (base 16) to base 12
1087a1
Convert -20321133 (base 5) to base 7.
-1264002
Convert -10211011111 (base 4) to base 8.
-4450525
Convert -385985 (base 13) to base 9.
-2484615
Convert -201220020212011 (base 3) to base 8.
-50255662
-2247143 (base 8) to base 13
-1847a9
What is 659636 (base 10) in base 16?
a10b4
-116dd7 (base 14) to base 3
-1010020210101
What is -138920 (base 13) in base 3?
-220012002022
Convert -596d9 (base 14) to base 2.
-110101010000011111
Convert 5154817 (base 10) to base 14.
982813
What is 34b1 (base 14) in base 5?
243141
What is -17772 (base 12) in base 16?
-8486
What is 10112033 (base 4) in base 6?
214235
What is 54c960 (base 15) in base 8?
17326406
Convert -76700 (base 10) to base 16.
-12b9c
What is -500c8 (base 15) in base 14?
-6845b
Convert -409847 (base 10) to base 7.
-3324614
What is -11136 (base 15) in base 11?
-37862
What is 101110011100000110 (base 2) in base 15?
3b55e
-3142301 (base 5) to base 12
-266a2
What is -401533451 (base 6) in base 13?
-1545130
Convert -8604840 (base 10) to base 7.
-133065666
-145a304 (base 15) to base 7
-236036566
717102 (base 8) to base 15
4a3d2
What is -35646012 (base 7) in base 2?
-1100000110010000111011
-10032772 (base 8) to base 3
-10222020201002
What is 3613b (base 16) in base 12?
a8223
e0501 (base 15) to base 9
1301681
Convert 1b28b (base 13) to base 7.
311022
Convert 2551512 (base 7) to base 5.
41110220
36249 (base 10) to base 4
20312121
Convert -333322030 (base 5) to base 3.
-2202101020210
What is 15120656 (base 7) in base 5?
331334412
What is -804082 (base 9) in base 5?
-110203012
6117a (base 11) to base 7
521412
What is 32996b (base 13) in base 11?
744946
What is b878b (base 14) in base 2?
1101100111001000111
What is -111131300221 (base 4) in base 5?
-2420030141
326685 (base 14) to base 5
414124221
What is -233142314 (base 5) in base 16?
-104dab
What is 6b9626 (base 14) in base 4?
32001110202
What is 2245374 (base 10) in base 7?
25041165
What is 2a60521 (base 11) in base 13?
111704c
What is 1011101001110001010000 (base 2) in base 15?
40514c
What is 340123024 (base 5) in base 12?
5b992b
Convert -1e896 (base 15) to base 12.
-49920
Convert 1794489 (base 12) to base 8.
22615251
Convert -102c9 (base 15) to base 4.
-30201000
What is -1313694 (base 14) in base 10?
-9190962
What is -1666150 (base 7) in base 8?
-713037
What is 234540 (base 7) in base 16?
a5de
What is -1087d9 (base 14) in base 15?
-b14c9
Convert -21021002 (base 4) to base 12.
-19802
-158523 (base 12) to base 13
-cb112
Convert -2263432 (base 7) to base 4.
-1011132112
Convert -304140550 (base 6) to base 13.
-11155b6
Convert 63502440 (base 7) to base 2.
10100100001010001001110
What is 22320113222 (base 4) in base 9?
5326585
What is 3409461 (base 11) in base 7?
101520244
Convert -743007 (base 8) to base 5.
-30403203
What is -13225300 (base 6) in base 5?
-103023421
-24aa2 (base 11) to base 5
-2122203
What is 6441732 (base 8) in base 11?
a76274
What is -1f4c3 (base 16) in base 11?
-88351
Convert -55212 (base 12) to base 13.
-3c353
What is 10321132 (base 4) in base 8?
47136
What is -191452c (base 14) in base 13?
-275b438
Convert 1b36b0 (base 13) to base 5.
134140322
What is 46a19 (base 11) in base 8?
204304
What is -20001202210022 (base 3) in base 12?
-10b5538
6142c (base 15) to base 8
1131543
-3331303 (base 4) to base 5
-1004433
Convert 2e613 (base 16) to base 6.
4023255
30443015 (base 6) to base 9
1575612
Convert -345435 (base 7) to base 10.
-61962
-88c02 (base 16) to base 2
-10001000110000000010
What is 11010100010001111100100 (base 2) in base 8?
32421744
-6212138 (base 11) to base 6
-1031034033
-55736a (base 14) to base 16
-2c4462
-25523 (base 16) to base 3
-21202200202
-5a531 (base 12) to base 10
-121717
Convert -132bc9 (base 14) to base 8.
-2412635
-2ecf9 (base 16) to base 2
-101110110011111001
-340827 (base 12) to base 16
-cac9f
What is -55244 (base 15) in base 5?
-32124024
Convert -301113023211 (base 4) to base 3.
-220100102100110
Convert -2400531 (base 6) to base 4.
-132123013
Convert 200141 (base 6) to base 14.
5993
What is 567585 (base 9) in base 12?
144a58
10010101011000111001 (base 2) to base 8
2253071
Convert 10322020111 (base 4) to base 5.
312133202
What is 75690 (base 11) in base 7?
635414
Convert -221111000120 (base 3) to base 6.
-14430023
What is 9472a (base 12) in base 16?
2f812
Convert -451021414 (base 6) to base 5.
-4042332022
C